e 173 = -13*o + 290. Suppose -6*q + 3*q + 975 = 4*k, 2*q + 727 = 3*k. Calculate the greatest common factor of k and o.
9
Let y(j) = j**2 - 6*j - 131. Let g be y(15). Suppose 2*w = -g, 2*x - 2*w = -4*w + 10. Calculate the greatest common factor of 7 and x.
7
Let n be (1/2)/(((-4)/(-4))/6). Suppose 2*s = -n*s + 80. Suppose 3*z + 6 = 0, -z = 2*v + z - s. What is the greatest common divisor of 80 and v?
10
Suppose 1609*v = 1614*v - 720. What is the greatest common factor of v and 112?
16
Suppose 5*o + 4*m = 10*o - 697, -431 = -3*o - 4*m. Let g = -127 + o. Suppose j = -3*j + 28. What is the highest common factor of j and g?
7
Let l = -22 + -98. Let t = l + 144. What is the greatest common divisor of t and 120?
24
Let b = -11 - -21. Let a(q) = 12*q + 538. Let u be a(0). Let h = u + -528. What is the highest common divisor of h and b?
10
Let l = -29 + 49. Let u(j) = -84*j - 4. Suppose -3*x - 4*f + 1 = -8*x, -4*f = -2*x + 2. Let p be u(x). What is the highest common factor of l and p?
20
Let m be (42/(-28))/(2/8). Let h be m/(-18) - (-138)/18. Calculate the greatest common factor of h and 28.
4
Let f(u) = 1717*u**2 - 142*u + 145. Let z be f(1). What is the greatest common factor of z and 120?
40
Let u(l) = -650*l + 14301. Let q be u(22). Suppose -33 = -3*p - 3*r - 0*r, -2*r = 0. Calculate the greatest common factor of q and p.
1
Suppose 0 = -2*d - 5*g + 232, 106*d - 108*d + 3*g = -168. What is the highest common divisor of 3888 and d?
48
Suppose -2*y + 194 = -2*w, 2*y + w + w = 178. Calculate the highest common divisor of 1674 and y.
93
Suppose -2*u + p - 8 - 8 = 0, 31 = -3*u - 2*p. Let a(z) = 2*z**2 + 25*z + 73. Let n be a(u). What is the greatest common divisor of n and 85?
5
Suppose -3*n + 1043 = 5*a, 19*a = 22*a + 4*n - 628. What is the greatest common divisor of 48 and a?
16
Suppose w = 5*v - 36886 + 8401, w = 2*v - 11391. Suppose -4*q + v = 3*c - 2*c, 2*q + 3*c = 2844. What is the highest common divisor of 57 and q?
57
Suppose -4*n = -2*n - 184. Let u be (-68 + 1 + -2)/(55 + (-50)/(3600/3972)). Calculate the greatest common factor of u and n.
46
Suppose 51*q - 40052 = -13991. Calculate the highest common divisor of q and 343.
7
Let r = -10 - -15. Let t = 6 - r. Let n(u) = -46*u - 688. Let p be n(-15). What is the greatest common divisor of p and t?
1
Let t(y) = -y**2 - 119*y - 1195. Let p be t(-14). Calculate the greatest common divisor of p and 450.
25
Suppose 2*g + 272 = 4*o, 5*o - 3*o + g - 128 = 0. Let q be 682/2 - (-1)/((-7)/28). Let i = 502 - q. Calculate the highest common divisor of o and i.
33
Suppose -115600 = -1677*c + 1667*c. What is the greatest common divisor of c and 40?
40
Suppose -2*w + 636 = 622. Suppose -7*b + 3*b - 16 = 0, 5*a - 15 = -5*b. Calculate the highest common factor of a and w.
7
Suppose 14*o + 2560 = 25*o + 53*o. Suppose -558 - 962 = -4*g. Calculate the greatest common factor of g and o.
20
Let n be (71 - 4) + 2 + -2. Suppose -n*j + 64 = -65*j. What is the highest common factor of 8 and j?
8
Let w = -1159 - -1160. Let z be w*20*(-141)/(-188). Suppose 116 = 2*n + v, 0*n = 3*n + v - 176. Calculate the greatest common factor of n and z.
15
Let y = -11760 - -11798. Let h(j) = 14*j**3 + 4*j**2 + j + 1. Let t be h(3). Calculate the highest common divisor of y and t.
38
Suppose 0 = 2*j + u - 8, 2*j - u = 2*u + 24. Let s be 2 + -1 + -3 + 68. What is the highest common divisor of s and j?
6
Let r be (-24)/(25/(-10) - -1). Suppose 2*l - y = 18, 42 = 5*l + 15*y - r*y. What is the greatest common divisor of l and 116?
4
Let y(w) = -w**3 + 31*w**2 + 273*w - 81. Let r be y(37). Calculate the greatest common factor of r and 42.
42
Suppose -174 = -n + 5*y, 5*n - 982 = 1678*y - 1669*y. Calculate the greatest common divisor of n and 12331.
209
Suppose -10*o + 3198 = -4*s - 5564, -4*o + 3509 = -3*s. What is the greatest common factor of o and 21?
7
Let h = 45198 - 45191. Let w be ((-2)/(-1))/(4/(-18)). Let i be 6/4*(-168)/w. What is the greatest common factor of i and h?
7
Suppose -164*v + 6350 = 43*v - 42502. What is the highest common factor of v and 12?
4
Suppose 279 = -18*y + 783. Calculate the greatest common divisor of y and 721.
7
Let v = 314 + -128. Let t be (v/4)/(36/96). What is the greatest common divisor of 93 and t?
31
Suppose 11*y = -6474 - 192. Let p = -568 - y. Let f = 170 - -96. Calculate the highest common divisor of f and p.
38
Let r(x) = -4*x**3 - 42*x**2 - 35*x - 13. Let v be r(-17). Suppose 40*h = 56*h - v. Calculate the highest common divisor of 69 and h.
23
Let v = -28485 - -53265. Calculate the highest common factor of v and 30.
30
Let v(d) = 850*d - 4240. Let t be v(5). Suppose -6 = -2*y - 2. Suppose 0*u = 4*u - y*m - 152, 5*u - 212 = -3*m. What is the highest common divisor of u and t?
10
Let n(h) = -8*h - 22. Suppose -4*a = 12, 3*a = 3*c + 8 + 4. Let j be n(c). Let m = j + -10. Calculate the highest common factor of m and 48.
24
Let y = 2 + -8. Let u be ((-8)/y)/((-4)/(-24)). Suppose -28*g + 26*g - 210 = -2*r, -r + 132 = -28*g. What is the highest common divisor of r and u?
8
Suppose u - 3*v - 366 = 0, 4*u + 3*v + 630 - 2154 = 0. What is the greatest common divisor of 84 and u?
42
Suppose -l + 107 + 498 - 45 = 0. What is the highest common factor of 240 and l?
80
Let s = -1246 - -1271. Let r be (8/(-2))/2 - -48. Let n = r - s. What is the greatest common divisor of n and 168?
21
Suppose 0 = -4*s - s + 305. Let w = 171 - s. Calculate the greatest common divisor of 22 and w.
22
Let i(f) = 3*f**3 + 63*f**2 - 140*f - 34. Let o be i(-23). Calculate the highest common divisor of o and 318.
6
Let n = 1602 + -1212. What is the greatest common factor of 12 and n?
6
Let z = 35023 + -34459. Suppose -5*f + 53 = -7. Calculate the highest common factor of z and f.
12
Suppose -9*f + 1216 + 1529 = 0. Let s = f - -260. Suppose 2*a - s = -4*p - 195, 10 = -5*p. What is the highest common factor of 21 and a?
21
Let y be (-509886)/(-198) + 10/165*-3. What is the highest common factor of y and 50?
25
Let l = 384 - -48. Suppose 206*w - 218*w + l = 0. What is the greatest common factor of 32 and w?
4
Let v(p) = p**3 + 23*p**2 + 83*p + 139. Let z be v(-19). Calculate the highest common factor of 6303 and z.
3
Suppose 16*x = 11*x. Suppose x = 2*c - 11 - 11. Let h be (59 - 57)*(-11)/(-2). What is the greatest common factor of h and c?
11
Let o = 2 - -33. Let t = 827 + -782. What is the highest common divisor of t and o?
5
Let w(a) = -12*a**3 - a**2 - 121*a - 342. Let n be w(-3). Calculate the greatest common factor of n and 2640.
48
Let t(c) = -17*c - 12. Suppose -2*q + 14 = -4*a, 27*a = 26*a + 2*q - 11. Let x be t(a). What is the highest common divisor of 45 and x?
5
Suppose -v + 159 - 15 = 0. Let k be ((-72)/14)/(((-476)/8330)/(8/15)). What is the highest common divisor of v and k?
48
Suppose -31 = -2*f - 3*n, 3*f - 148 + 118 = n. Calculate the highest common divisor of 12 and f.
1
Let n be 817 + (-2 - -5)/(-21)*-7. Suppose 0 = -x + 5, 3*k - 21 = -4*x + n. Calculate the highest common factor of k and 52.
13
Let a(h) be the first derivative of 5*h**2 - 154*h - 12. Let j be a(25). What is the highest common factor of 24 and j?
24
Suppose p = -8*p + 14*p. Suppose w - 216 + 213 = p. Calculate the highest common divisor of 14 and w.
1
Let p(v) = 10 - 40 + 30 - 13*v + 82. Let u be p(5). What is the highest common factor of u and 425?
17
Suppose i = -5*z + 767, 5*i - 59*z - 3907 = -60*z. What is the highest common divisor of 34 and i?
34
Suppose 12*y - 16*y = -2*s + 22, -5*y = 20. Suppose -s*v + 49 = -5*f, -3*f - 15 = 16*v - 17*v. Calculate the highest common factor of v and 306.
18
Suppose 2*n - 473 = -2*y - 19, -4*n = -4*y - 892. What is the greatest common divisor of 2725 and n?
25
Let p(o) = o + 1. Let a(v) = 6*v + 15. Let c(f) = a(f) - 2*p(f). Let m be c(-2). Let h be (-2)/m - (-132)/5. Calculate the highest common divisor of 78 and h.
26
Suppose 3*w - 1743 = s - 4*s, 1723 = 3*w - s. Let q be (((-64)/3)/(-1))/((21 + -3)/54). What is the highest common divisor of w and q?
64
Let q = -134 + 71. Let v = 84 + q. What is the highest common divisor of v and 9?
3
Let o(y) = 2*y**2 - 7*y - 6. Let v be o(5). Suppose -2748 = -14*q - 6*q + 1752. Calculate the greatest common factor of v and q.
9
Let p(b) = -b + 28. Let a be p(0). Suppose -